ase 2) in base 6?
40003203
-7bc8c5 (base 15) to base 6
-330440105
-1100001100010011011010 (base 2) to base 15
-431eec
Convert -41042012 (base 6) to base 9.
-2175638
Convert -11011000101001010 (base 2) to base 4.
-123011022
Convert -162054 (base 9) to base 16.
-18652
What is -5552010 (base 6) in base 3?
-112011211020
Convert 39a0b40 (base 12) to base 9.
23414613
Convert -5d1a2f (base 16) to base 13.
-13582b1
Convert a53a (base 12) to base 4.
10121332
Convert 8000456 (base 11) to base 3.
222200001202011
What is -113323063 (base 7) in base 14?
-d021da
Convert -6902636 (base 10) to base 5.
-3231341021
Convert 607299 (base 10) to base 9.
1125046
-361618 (base 10) to base 8
-1302222
Convert -426235 (base 7) to base 10.
-74212
What is 1521146 (base 9) in base 8?
3151724
747176 (base 9) to base 12
195520
What is -101101200101 (base 3) in base 16?
-31f48
Convert -17415 (base 15) to base 16.
-125a2
What is 8153557 (base 10) in base 4?
133012213111
100100100100010100011011 (base 2) to base 3
200001000110002
What is -12313300032 (base 4) in base 16?
-1b7c0e
Convert -1201320211 (base 4) to base 3.
-202100222101
Convert 127abcc (base 16) to base 14.
28058a8
-323221001 (base 4) to base 15
-4c5ae
What is 22123435 (base 6) in base 4?
2202030233
113320133121 (base 4) to base 10
6260697
Convert 31053 (base 10) to base 8.
74515
3321216 (base 7) to base 2
1100011110000110000
Convert -90325 (base 12) to base 14.
-4c273
Convert 3881a9 (base 11) to base 13.
185250
Convert -8bb96 (base 12) to base 7.
-1405002
2104200102 (base 5) to base 6
233323204
What is -120215303 (base 6) in base 2?
-1000100111001001110111
Convert -30033323 (base 4) to base 13.
-19ab4
Convert 2001001012120 (base 3) to base 6.
35115540
-4530114 (base 6) to base 10
-229438
Convert -7264 (base 9) to base 8.
-12313
What is 687261 (base 9) in base 11?
261689
Convert -1021221122 (base 3) to base 14.
-93dc
2331c (base 16) to base 2
100011001100011100
What is 110313330302 (base 4) in base 14?
a2628a
What is -299200 (base 11) in base 3?
-212200100200
Convert -b9abbe (base 15) to base 16.
-86f762
-1324323 (base 5) to base 11
-19189
Convert 57342 (base 10) to base 14.
16c7c
What is 763479 (base 11) in base 10?
1219766
What is 1605017 (base 8) in base 16?
70a0f
32322300321 (base 4) to base 6
215453053
-1010110011 (base 3) to base 11
-15750
a7904 (base 15) to base 7
4343512
-4279a3 (base 11) to base 6
-22354405
Convert 2b541 (base 12) to base 14.
1846d
111010101011010000101 (base 2) to base 13
5241b6
Convert abb116 (base 13) to base 12.
1434714
-10174 (base 15) to base 6
-1031531
Convert -58ce3 (base 16) to base 4.
-1120303203
What is -25450531 (base 6) in base 8?
-3126727
What is 231603 (base 8) in base 16?
13383
What is 39a940 (base 11) in base 13?
190609
-eae3a (base 15) to base 2
-10110110000011101001
1a505c9 (base 13) to base 11
49a10a0
-387331 (base 13) to base 14
-27500d
-1100010011101111100 (base 2) to base 15
-7e784
What is 150885 (base 9) in base 14?
25a4b
Convert 6d7cbb (base 16) to base 9.
14445656
2340207 (base 11) to base 12
1450080
What is -291c (base 14) in base 15?
-2253
Convert 8aaa9 (base 11) to base 4.
200022313
What is 10112200020010 (base 3) in base 11?
1076945
What is 11645554 (base 9) in base 14?
a84cab
Convert 18a10c8 (base 13) to base 7.
125502535
475c35 (base 14) to base 9
4523010
What is -1207b1 (base 12) in base 3?
-112210210021
20246 (base 14) to base 16
12de6
What is 123053 (base 9) in base 3?
10210001210
Convert -1233333203 (base 5) to base 7.
-34505646
Convert 101101222221 (base 3) to base 6.
4220211
Convert 22a0a7 (base 12) to base 13.
166420
Convert -220410320 (base 5) to base 3.
-1210022010111
What is -27d14c (base 14) in base 13?
-394480
-9515a8 (base 11) to base 10
-1524718
What is 10110000010011000010010 (base 2) in base 11?
3296310
Convert -3a59443 (base 11) to base 6.
-410133524
Convert 16872 (base 11) to base 6.
301334
What is -4512241 (base 6) in base 16?
-37801
Convert 110111111011000101001 (base 2) to base 6.
103135425
Convert -35003340 (base 6) to base 3.
-2000120001220
What is 212212220200 (base 3) in base 2?
1110010110001111110
-110000221020 (base 3) to base 6
-5024353
What is 17136808 (base 10) in base 2?
1000001010111110010101000
What is -10004331 (base 7) in base 11?
-513997
What is -121102011120 (base 3) in base 5?
-40314240
Convert -bb7eed (base 15) to base 3.
-121211001020221
What is -1011101110101011 (base 2) in base 14?
-13719
What is 5b39b (base 14) in base 4?
312130031
What is 1423343 (base 6) in base 13?
2ac12
-2105321 (base 7) to base 13
-8b7b1
What is 3615203 (base 9) in base 7?
22436223
Convert -1fc972 (base 16) to base 10.
-2083186
What is 22574033 (base 8) in base 3?
100020121121121
Convert -122242 (base 5) to base 7.
-16460
What is -42213111 (base 5) in base 7?
-2661262
-10388066 (base 10) to base 8
-47501142
-642521 (base 7) to base 2
-11011001100100000
What is -1021202202012 (base 3) in base 10?
-684347
What is 1334242322 (base 5) in base 8?
15055062
12ddc (base 16) to base 13
29234
94859 (base 10) to base 14
267d9
What is 129aa (base 12) in base 9?
38124
-1372307 (base 8) to base 14
-a2379
What is -7781 (base 14) in base 16?
-50d5
-255201235 (base 6) to base 10
-5008055
What is 534517 (base 13) in base 7?
22406245
Convert -223022133230 (base 4) to base 10.
-11315180
Convert 879555 (base 10) to base 7.
10322205
What is 194580 (base 15) in base 9?
2273803
2875810 (base 9) to base 5
401214003
Convert 21b5604 (base 12) to base 16.
628c24
What is 10310243 (base 7) in base 3?
1122112022202
What is -11232455 (base 6) in base 8?
-1245023
Convert -12bd61 (base 15) to base 3.
-1200202121201
Convert -221421421 (base 5) to base 10.
-967111
-1105312032 (base 6) to base 5
-11034000133
Convert 7366738 (base 10) to base 15.
9a7b0d
-132511 (base 15) to base 3
-1201200211021
14154205 (base 9) to base 6
410040222
-110101101100011110 (base 2) to base 4
-311230132
2a8da5 (base 16) to base 8
12506645
What is 23041412 (base 7) in base 8?
7526111
15c728 (base 13) to base 12
22157b
Convert 1004432202 (base 5) to base 12.
81ab3a
9cb1b (base 16) to base 7
5312123
What is -2105410 (base 6) in base 16?
-18fae
2105621 (base 7) to base 2
111110000010110001
-255516 (base 7) to base 11
-32836
Convert -33323303 (base 5) to base 9.
-484888
Convert -100124401 (base 5) to base 3.
-202002122220
What is 14d453 (base 14) in base 12?
2b1381
What is 177014 (base 10) in base 15?
376ae
Convert -10111032 (base 8) to base 9.
-4013046
Convert 11111221 (base 3) to base 11.
2523
-141479 (base 11) to base 15
-4597b
-162b0 (base 15) to base 7
-415266
Convert -21477c (base 14) to base 2.
-100010011000001111010
Convert -1577066 (base 8) to base 4.
-1233320312
What is 986575 (base 10) in base 3?
1212010022211
What is -220212112 (base 3) in base 2?
-100011011010011
Convert 1021d4 (base 15) to base 3.
1102221111201
What is 35515332 (base 6) in base 5?
241130342
4c2c9 (base 13) to base 3
21011120100
What is -c4d33 (base 14) in base 16?
-73dc1
What is 2242120 (base 9) in base 13?
334272
Convert -707592 (base 10) to base 2.
-10101100110000001000
Convert 22b4 (base 15) to base 16.
1cc9
Convert 22120111220120 (base 3) to base 15.
6002e3
What is -137232 (base 8) in base 15?
-e6ce
-3d24 (base 16) to base 15
-4987
What is -65080 (base 10) in base 8?
-177070
Convert -505b (base 12) to base 16.
-2207
-11424552 (base 6) to base 10
-361364
Convert 4c1b1 (base 15) to base 6.
5114451
-104140034 (base 5) to base 4
-1300000101
Convert -3826161 (base 11) to base 8.
-31251643
What is 2473840 (base 9) in base 15?
1b9586
What is -73304 (base 10) in base 9?
-121488
-10110110010000000011101 (base 2) to base 7
-101522033
Convert -476007 (base 8) to base 12.
-7a287
What is -1014322 (base 6) in base 13?
-19376
Convert 124215 (base 7) to base 11.
16392
What is -21214103 (base 5) in base 12?
-878ba
abe6a (base 15) to base 3
1000202211101
31540 (base 7) to base 13
3736
What is 4213342 (base 6) in base 13?
71c7b
-1eff15 (base 16) to base 14
-3ac429
179ad (base 15) to base 10
76438
Convert 2523125 (base 6) to base 4.
201010331
What is -22045422 (base 6) in base 9?
-1214725
3ae12 (base 15) to base 11
11992a
What is 10730745 (base 8) in base 3?
11101211220210
57787 (base 9) to base 16
969a
-3bf89 (base 16) to base 13
-87a66
